
3
Suppose -8*c + 21*c = 4888. Suppose 2*m - 2*d - c = 0, -5*m + 4*d = -456 - 486. What is the units digit of m?
0
Suppose -2*n + 623 = i, 4*n - 3*n = -i + 625. What is the tens digit of i?
2
Suppose -3*j + 76 = 5*a - 4*a, -4*a + 2*j + 276 = 0. What is the units digit of a?
0
Suppose -2*u = -18*u + 4288. What is the hundreds digit of u?
2
Let n = 3 + 1. Suppose -5*h + 5*p = -40, 3*h - 3*p - 36 = -2*h. Suppose -h*t + 2 = -n*t. What is the units digit of t?
1
Let v = -40 + 3649. What is the units digit of v?
9
Let s = -1616 - -4883. What is the tens digit of s?
6
Let s = -239 - -301. What is the units digit of s?
2
Suppose -j + 71 = 2*l, -4*l + 98 = 5*j - 59. Suppose 4*a = 0, -l = -p - a + 20. What is the units digit of p?
3
Suppose 6 = -28*u + 3814. What is the tens digit of u?
3
Suppose -182 = m - 3*m - 2*z, 2*z + 194 = 2*m. Suppose 0*l - 2*l + m = 0. What is the units digit of l?
7
Let s(n) = -n**3 + 12*n**2 - 11*n + 6. Let l be 3/((1/(-1))/(-1)). Let f(d) = -d**2 + d + 1. Let w(q) = l*f(q) + s(q). What is the units digit of w(8)?
9
Suppose -5*m = x - 334, -4*m - m = 3*x - 1042. What is the tens digit of x?
5
What is the units digit of (-3)/4 - (-15932)/16?
5
Let w(q) = 18*q + 11. Let f = 23 + -18. What is the tens digit of w(f)?
0
Suppose -1170 = -289*t + 283*t. What is the hundreds digit of t?
1
Let t = 20 + 7. Let c(u) = u + 9. Let z be c(0). Suppose -z = -3*r + t. What is the tens digit of r?
1
Suppose 0 = 9*g - 7*g + 36. What is the hundreds digit of (1 - -152) + g/(-6)?
1
Let m(k) be the second derivative of k**4/6 - k**2 + 7*k. Suppose -4*z - 1 = -3*j - 8, 0 = 2*z + 3*j + 19. What is the units digit of m(z)?
6
Suppose 3 = -3*s + 2*p, -4*p - 19 = 4*s + 5. What is the tens digit of (s/(-6))/((-1)/(-114))?
5
What is the units digit of (-5665)/(-55) - (8 - 0)?
5
Suppose -16*c + 22*c = -60. What is the units digit of ((-1)/2)/(c/4 - -2)?
1
Suppose 5*k - 24 + 6 = n, 3*k - 3 = -2*n. Suppose 2*w = k*x - 1040, -3*w = -x + 6 + 343. What is the units digit of x?
6
Suppose -52 = -2*s + y, 6*s - 5*y = s + 140. Let u = s - 10. Let o = 25 - u. What is the units digit of o?
1
Suppose -4*l = 5*w - 4250, w + 4255 = 6*w + 5*l. What is the tens digit of w?
4
Let k(d) = -d**3 - 8*d**2 - 11*d + 13. What is the units digit of k(-10)?
3
Let o = 7048 + -2736. What is the hundreds digit of o?
3
Suppose 3*u = 108 + 105. Suppose 2*a - 41 = -c + 15, c - 86 = -3*a. Let y = u - a. What is the units digit of y?
1
Let f be 9/(-1) - (3 + -4). Suppose -186 = 5*j + 9. What is the tens digit of -1*j/(-12)*f?
2
Suppose -5*m + 7115 = 5*f, -4*f + 0*f + 3*m = -5713. What is the thousands digit of f?
1
Let s = 74 - -15. Suppose -o + s - 21 = 0. Suppose -i - i + o = 0. What is the units digit of i?
4
Suppose -v = -2*f + 1435 + 199, 0 = 3*v + 12. What is the tens digit of f?
1
Suppose -3*u - 18 = -h, 4*u = 4*h - 48 - 16. Let j be (-13)/(-2 + 1 + 0). Suppose 4*g = j + h. What is the units digit of g?
7
Suppose -2*x + l + 12 = 0, -2*x - 2*x + 30 = -5*l. Suppose c + x*f + 5 = -0*f, -5*c - f = 25. What is the units digit of 66/(-7)*(-2 + c)?
6
Suppose -24*f = 7*f - 93. Let g(p) = -3*p**3 + 4*p**3 + 2*p + 5 + 0*p. What is the units digit of g(f)?
8
Suppose -41*n = 21*n - 72478. What is the units digit of n?
9
Let w(r) = -r**3 - 13*r**2 + 15*r + 17. Let f be w(-14). Suppose 0 = f*p - 50 - 64. What is the tens digit of p?
3
Suppose 19 = 2*k - 27. Let v = 81 + k. What is the tens digit of v?
0
Suppose -65006 = -37*l + 160250. What is the hundreds digit of l?
0
What is the thousands digit of 1 - (-18)/(-3) - (-26 - 3957)?
3
Let j = -354 - -399. What is the tens digit of j?
4
Suppose 3*b - 4959 = -2*i, b - 9*i = -14*i + 1666. What is the thousands digit of b?
1
Suppose 0 = 67*s - 61*s - 3750. Let v = 887 - s. What is the units digit of v?
2
Suppose -8*b = -2*b - 174. Suppose 2*c - 25 = b. What is the tens digit of c?
2
Let v = -1325 - -2163. What is the tens digit of v?
3
Let n be (-40)/(-3)*(-114)/(-8)*5. Suppose -10*t + 5*t = -n. What is the units digit of t?
0
Suppose 1318 = -7*r + 5756. What is the hundreds digit of r?
6
Let o(m) = -4*m - 7. Let s be o(-3). Suppose 14 = s*y - 6. What is the units digit of y?
4
What is the thousands digit of (-84)/(-140) + (-17616)/(-15)?
1
Suppose -4*i - 316 = -5*s, -2*s + 4*i = s - 188. What is the tens digit of -11 + 14 - s/(-1)?
6
Suppose 5*n = 2*n + 57. Let j(q) = q**3 - 20*q**2 + 25*q + 19. What is the hundreds digit of j(n)?
1
Suppose 2*k - 4*k = 2*c - 92, 3*c + 5*k = 140. Suppose 9*d - 4*d = c. What is the units digit of d*4 + -2 + -2?
2
Let q = -29 + 34. Suppose q*b + 4*d = -0*b + 177, 5*b = -3*d + 174. What is the units digit of b?
3
What is the hundreds digit of -4*(-82)/(-16)*-44?
9
Let v = 13 - -48. Suppose -5*r + v = o, 0 = -o - 3*r + 26 + 33. Let h = 91 - o. What is the units digit of h?
5
Suppose 3*a = y - 17, 2*a + 46 = 5*y - 0*a. Let z = 5 + y. Let w = z - -4. What is the tens digit of w?
1
Suppose 5*k + 0*q + q + 2 = 0, 2*q + 4 = -4*k. Suppose 3*g + 3*g - 240 = k. What is the units digit of g?
0
Suppose 12 = m - 0*m - 5*r, 5*m + 3*r = 4. Let z be (-4)/16 + 226/8. Suppose 0 = -2*n - m*n + z. What is the units digit of n?
7
Suppose 59*m - 54*m = 1605. What is the units digit of m?
1
Suppose 3*g - 962 = -4*r, g - 2*g = 5*r - 1208. Let b = r - 120. What is the tens digit of b?
2
Let z be (-5)/(-1) - (2 - 2)/(-2). Suppose z*l + 4 = 69. What is the tens digit of l?
1
Let s(j) = 23*j + 2. Let t be 38/(-14) + (-4)/14. Let b be t/2 - 5/(-2). What is the units digit of s(b)?
5
Suppose 11*j - 455 = 6*j. Let w = j + -38. What is the units digit of w?
3
Let t be 8/(-3)*(-42)/(-28). Let f be 7/(4*(-1)/t). Suppose -3*q = -f*q + 64. What is the tens digit of q?
1
What is the units digit of (-60822)/(-26) + (-16)/52?
9
Let a(p) be the third derivative of -p**5/60 - 5*p**4/12 - 2*p**3 - 6*p**2. Let v be a(-8). Let c(y) = 6*y - 3. What is the tens digit of c(v)?
2
Let p = -232 + 735. What is the units digit of p?
3
Let n(b) = -b**2. Let d(z) = -7*z**2 - 12*z + 10. Let g(k) = d(k) - 6*n(k). What is the units digit of g(-10)?
0
Suppose 2*z = -5*w + 370, 3*w = -0*w + 12. What is the hundreds digit of z?
1
Let q(j) = 126*j**3 + 4*j**2 - 4*j. What is the thousands digit of q(2)?
1
Let t be (-3)/(((-18)/8)/3). Suppose -t*p - 138 = -p. Let v = p + 80. What is the units digit of v?
4
Suppose 2*a - g = 543, -2*g - 267 = -a - 6*g. Let p be (a - -5)*(-2)/(-4). What is the tens digit of (-1)/(-2*3/p)?
2
Suppose -12 = j + 3*n, -j - 2*n - 8 = j. Let w(r) = -r - 5*r**2 + r**2 + 5*r**2 + 24. What is the units digit of w(j)?
4
Let r be ((-30)/18 + 1)*(-15)/2. Let z be (24/28)/(1/14). Suppose 29 = x - r*i, 0*i = -3*i + z. What is the units digit of x?
9
Let m = 35 + -33. Suppose 0 = 2*n + m*w - 0*w - 8, 0 = -5*n + 5*w. What is the tens digit of ((-711)/(-27))/(n/6)?
7
Let r = 6 - -26. Let m = -22 + r. Let p = 6 + m. What is the tens digit of p?
1
Let l = -108 + 256. What is the units digit of l?
8
Suppose 2*o - 3 - 1 = 0. Suppose 3*l = -c + 3*c, -c + o*l = 0. Suppose z - 20 = -c*z. What is the tens digit of z?
2
Let k(l) = l**2 - 7*l + 3. Suppose 4*d - 77 = -41. What is the tens digit of k(d)?
2
Let c(f) = f**2 + 2*f - 14. Let l be c(3). What is the tens digit of l*6/(-15) - 754/(-10)?
7
Suppose 14*i = 2*i + 7212. What is the units digit of i?
1
Let r(d) = -2*d**3 - 46*d**2 - 9*d - 39. What is the tens digit of r(-24)?
2
Suppose 8*w - 15729 = -13*w. What is the tens digit of w?
4
Let o(q) = q + 9. Let w be o(-5). Suppose -w*a + 472 = 3*r - r, -5*a = 2*r - 591. What is the hundreds digit of a?
1
Suppose -303 = -2*n - 59. Let i = n + -66. Let s = 0 + i. What is the tens digit of s?
5
Let r = 121 + -57. Let z = -53 + r. What is the units digit of z?
1
Let u = 4 + -5. Let w be u/4 - (-867)/12. Suppose v = -2*v + w. What is the units digit of v?
4
Let x be (-12)/16 - (-19)/4. Suppose x*t + 186 = 538. What is the units digit of t?
8
Let l = 193 - 8. What is the hundreds digit of l?
1
Let f(x) = -x**2 + x - 11. Let z be f(0). What is the tens digit of ((-34)/8)/(z/44)?
1
Let r = -75 - -87. What is the tens digit of 3/6 + 3462/r?
8
Let q be 7/(-4) - 2/8. Let n be 34/q - 1*3. What is the tens digit of (-348)/n - 2/5?
1
Let k be 2/(-10) + (-59)/5. Let h be 6/8 + 9/k. Suppose